{"id":2980,"date":"2021-04-08T11:28:34","date_gmt":"2021-04-08T09:28:34","guid":{"rendered":"https:\/\/host3.hellowebtunisie.com\/~aedstunisie\/?post_type=portfolio&#038;p=2980"},"modified":"2021-04-08T11:28:34","modified_gmt":"2021-04-08T09:28:34","slug":"jonc-aigu-2","status":"publish","type":"portfolio","link":"http:\/\/aeds-tunisie.com\/?portfolio=jonc-aigu-2","title":{"rendered":"Jonc aigu"},"content":{"rendered":"<h2>Jonc aigu<\/h2>\n<ul>\n<li><strong>Plante<\/strong> vivace, en grosses touffes denses, presque h\u00e9misph\u00e9riques, d&rsquo;un<\/li>\n<li>vert fonc\u00e9. Tiges nombreuses, nues, dures, de 50-80 cm, cylindriques, piquantes, un peu plus grosses, plus fonc\u00e9es, plus courtes que celles du jonc maritime, pourvues d&rsquo;\u00e9cailles \u00e0 la base.<\/li>\n<li><strong>Inflorescence<\/strong> plus ou moins lat\u00e9rale, en panicule dense. Bract\u00e9e en forme de spathe \u00e0 la base, \u00e0 limbe cylindrique, piquant, de longueur variable, 2-20 cm, prolongeant la tige. P\u00e9rianthe verd\u00e2tre \u00e0 divisions internes ovales-obtuses.<\/li>\n<li><strong>Capsule<\/strong> ovo\u00efde aigu\u00eb, deux fois plus longue que le p\u00e9rianthe. Graines appendicul\u00e9es aux deux extr\u00e9mit\u00e9s.<\/li>\n<li><b>Floraison<\/b> : Avril \u2013 Ao\u00fbt<\/li>\n<\/ul>\n<p><b>Propri\u00e9t\u00e9s &amp; usages <\/b>: sables sal\u00e9s humides. Tige\u00a0 r\u00e9sistante, utilis\u00e9e pour attacher bottes de blettes, persil etc.<\/p>\n<p><img loading=\"lazy\" decoding=\"async\" class=\"size-medium wp-image-2235 aligncenter\" src=\"https:\/\/host3.hellowebtunisie.com\/~aedstunisie\/wp-content\/uploads\/2021\/03\/v2-225x300.gif\" alt=\"\" width=\"225\" height=\"300\" \/><\/p>\n","protected":false},"excerpt":{"rendered":"<p>Jonc aigu Plante vivace, en grosses touffes denses, presque h\u00e9misph\u00e9riques, d&rsquo;un vert fonc\u00e9. Tiges nombreuses, nues, dures, de 50-80 cm, cylindriques, piquantes, un peu plus grosses, plus fonc\u00e9es, plus courtes que celles du jonc maritime, pourvues d&rsquo;\u00e9cailles \u00e0 la base. Inflorescence plus ou moins lat\u00e9rale, en panicule dense. Bract\u00e9e en [&hellip;]<\/p>\n","protected":false},"author":1,"featured_media":2235,"menu_order":0,"comment_status":"open","ping_status":"closed","template":"","meta":{"footnotes":""},"portfolio_category":[14],"class_list":["post-2980","portfolio","type-portfolio","status-publish","has-post-thumbnail","hentry","portfolio_category-vert"],"_links":{"self":[{"href":"http:\/\/aeds-tunisie.com\/index.php?rest_route=\/wp\/v2\/portfolio\/2980","targetHints":{"allow":["GET"]}}],"collection":[{"href":"http:\/\/aeds-tunisie.com\/index.php?rest_route=\/wp\/v2\/portfolio"}],"about":[{"href":"http:\/\/aeds-tunisie.com\/index.php?rest_route=\/wp\/v2\/types\/portfolio"}],"author":[{"embeddable":true,"href":"http:\/\/aeds-tunisie.com\/index.php?rest_route=\/wp\/v2\/users\/1"}],"replies":[{"embeddable":true,"href":"http:\/\/aeds-tunisie.com\/index.php?rest_route=%2Fwp%2Fv2%2Fcomments&post=2980"}],"version-history":[{"count":1,"href":"http:\/\/aeds-tunisie.com\/index.php?rest_route=\/wp\/v2\/portfolio\/2980\/revisions"}],"predecessor-version":[{"id":2989,"href":"http:\/\/aeds-tunisie.com\/index.php?rest_route=\/wp\/v2\/portfolio\/2980\/revisions\/2989"}],"wp:featuredmedia":[{"embeddable":true,"href":"http:\/\/aeds-tunisie.com\/index.php?rest_route=\/wp\/v2\/media\/2235"}],"wp:attachment":[{"href":"http:\/\/aeds-tunisie.com\/index.php?rest_route=%2Fwp%2Fv2%2Fmedia&parent=2980"}],"wp:term":[{"taxonomy":"portfolio_category","embeddable":true,"href":"http:\/\/aeds-tunisie.com\/index.php?rest_route=%2Fwp%2Fv2%2Fportfolio_category&post=2980"}],"curies":[{"name":"wp","href":"https:\/\/api.w.org\/{rel}","templated":true}]}}

<h2>Jonc aigu</h2>
<ul>
<li><strong>Plante</strong> vivace, en grosses touffes denses, presque hémisphériques, d&rsquo;un</li>
<li>vert foncé. Tiges nombreuses, nues, dures, de 50-80 cm, cylindriques, piquantes, un peu plus grosses, plus foncées, plus courtes que celles du jonc maritime, pourvues d&rsquo;écailles à la base.</li>
<li><strong>Inflorescence</strong> plus ou moins latérale, en panicule dense. Bractée en forme de spathe à la base, à limbe cylindrique, piquant, de longueur variable, 2-20 cm, prolongeant la tige. Périanthe verdâtre à divisions internes ovales-obtuses.</li>
<li><strong>Capsule</strong> ovoïde aiguë, deux fois plus longue que le périanthe. Graines appendiculées aux deux extrémités.</li>
<li><b>Floraison</b> : Avril – Août</li>
</ul>
<p><b>Propriétés &amp; usages </b>: sables salés humides. Tige  résistante, utilisée pour attacher bottes de blettes, persil etc.</p>
<p><img loading="lazy" decoding="async" class="size-medium wp-image-2235 aligncenter" src="https://host3.hellowebtunisie.com/~aedstunisie/wp-content/uploads/2021/03/v2-225x300.gif" alt="" width="225" height="300" /></p>

<p>Jonc aigu Plante vivace, en grosses touffes denses, presque hémisphériques, d&rsquo;un vert foncé. Tiges nombreuses, nues, dures, de 50-80 cm, cylindriques, piquantes, un peu plus grosses, plus foncées, plus courtes que celles du jonc maritime, pourvues d&rsquo;écailles à la base. Inflorescence plus ou moins latérale, en panicule dense. Bractée en [&hellip;]</p>
