{"id":3041,"date":"2021-04-08T12:19:23","date_gmt":"2021-04-08T10:19:23","guid":{"rendered":"https:\/\/host3.hellowebtunisie.com\/~aedstunisie\/?post_type=portfolio&#038;p=3041"},"modified":"2021-04-08T12:19:23","modified_gmt":"2021-04-08T10:19:23","slug":"orge-maritime","status":"publish","type":"portfolio","link":"http:\/\/aeds-tunisie.com\/?portfolio=orge-maritime","title":{"rendered":"Orge maritime"},"content":{"rendered":"<h2>Orge maritime<\/h2>\n<p><strong>Classe<\/strong> :Monocotyl\u00e9dones<\/p>\n<p><b>Famille: <\/b>Poac\u00e9es<\/p>\n<ul>\n<li><b><\/b>Plante\u00a0annuelle de 10 \u2013 40 cm. Tiges\u00a0en touffe, genouill\u00e9es-ascendantes, feuill\u00e9es jusqu&rsquo;au sommet.<\/li>\n<li>Epi souvent court, \u00e0 rachis fragile. Epillet m\u00e9dian \u00e0 glumes \u00e9gales, s\u00e9tac\u00e9es, rugueux, non cili\u00e9es. Epillets lat\u00e9raux st\u00e9riles, p\u00e9dicell\u00e9s, \u00e0 glumes in\u00e9gales. Glumelle inf\u00e9rieure de l&rsquo;\u00e9pillet m\u00e9dian munie d&rsquo;une longue ar\u00eate d\u00e9passant les glumes, celle des \u00e9pillets lat\u00e9raux \u00e0 ar\u00eate plus courte.<\/li>\n<\/ul>\n<ul>\n<li><b>Floraison<\/b> : avril &#8211; Juin<\/li>\n<\/ul>\n<p><b>Propri\u00e9t\u00e9s &amp; Usages <\/b>: Plante Fourrag\u00e8re. Sables du littoral et terrains sal\u00e9s<\/p>\n<p><img loading=\"lazy\" decoding=\"async\" class=\"size-medium wp-image-3046 aligncenter\" src=\"https:\/\/host3.hellowebtunisie.com\/~aedstunisie\/wp-content\/uploads\/2021\/04\/103-225x300.jpg\" alt=\"\" width=\"225\" height=\"300\" srcset=\"http:\/\/aeds-tunisie.com\/wp-content\/uploads\/2021\/04\/103-225x300.jpg 225w, http:\/\/aeds-tunisie.com\/wp-content\/uploads\/2021\/04\/103.jpg 450w\" sizes=\"auto, (max-width: 225px) 100vw, 225px\" \/><\/p>\n","protected":false},"excerpt":{"rendered":"<p>Orge maritime Classe :Monocotyl\u00e9dones Famille: Poac\u00e9es Plante\u00a0annuelle de 10 \u2013 40 cm. Tiges\u00a0en touffe, genouill\u00e9es-ascendantes, feuill\u00e9es jusqu&rsquo;au sommet. Epi souvent court, \u00e0 rachis fragile. Epillet m\u00e9dian \u00e0 glumes \u00e9gales, s\u00e9tac\u00e9es, rugueux, non cili\u00e9es. Epillets lat\u00e9raux st\u00e9riles, p\u00e9dicell\u00e9s, \u00e0 glumes in\u00e9gales. Glumelle inf\u00e9rieure de l&rsquo;\u00e9pillet m\u00e9dian munie d&rsquo;une longue ar\u00eate d\u00e9passant [&hellip;]<\/p>\n","protected":false},"author":1,"featured_media":3046,"menu_order":0,"comment_status":"open","ping_status":"closed","template":"","meta":{"footnotes":""},"portfolio_category":[14],"class_list":["post-3041","portfolio","type-portfolio","status-publish","has-post-thumbnail","hentry","portfolio_category-vert"],"_links":{"self":[{"href":"http:\/\/aeds-tunisie.com\/index.php?rest_route=\/wp\/v2\/portfolio\/3041","targetHints":{"allow":["GET"]}}],"collection":[{"href":"http:\/\/aeds-tunisie.com\/index.php?rest_route=\/wp\/v2\/portfolio"}],"about":[{"href":"http:\/\/aeds-tunisie.com\/index.php?rest_route=\/wp\/v2\/types\/portfolio"}],"author":[{"embeddable":true,"href":"http:\/\/aeds-tunisie.com\/index.php?rest_route=\/wp\/v2\/users\/1"}],"replies":[{"embeddable":true,"href":"http:\/\/aeds-tunisie.com\/index.php?rest_route=%2Fwp%2Fv2%2Fcomments&post=3041"}],"version-history":[{"count":1,"href":"http:\/\/aeds-tunisie.com\/index.php?rest_route=\/wp\/v2\/portfolio\/3041\/revisions"}],"predecessor-version":[{"id":3047,"href":"http:\/\/aeds-tunisie.com\/index.php?rest_route=\/wp\/v2\/portfolio\/3041\/revisions\/3047"}],"wp:featuredmedia":[{"embeddable":true,"href":"http:\/\/aeds-tunisie.com\/index.php?rest_route=\/wp\/v2\/media\/3046"}],"wp:attachment":[{"href":"http:\/\/aeds-tunisie.com\/index.php?rest_route=%2Fwp%2Fv2%2Fmedia&parent=3041"}],"wp:term":[{"taxonomy":"portfolio_category","embeddable":true,"href":"http:\/\/aeds-tunisie.com\/index.php?rest_route=%2Fwp%2Fv2%2Fportfolio_category&post=3041"}],"curies":[{"name":"wp","href":"https:\/\/api.w.org\/{rel}","templated":true}]}}

<h2>Orge maritime</h2>
<p><strong>Classe</strong> :Monocotylédones</p>
<p><b>Famille: </b>Poacées</p>
<ul>
<li><b></b>Plante annuelle de 10 – 40 cm. Tiges en touffe, genouillées-ascendantes, feuillées jusqu&rsquo;au sommet.</li>
<li>Epi souvent court, à rachis fragile. Epillet médian à glumes égales, sétacées, rugueux, non ciliées. Epillets latéraux stériles, pédicellés, à glumes inégales. Glumelle inférieure de l&rsquo;épillet médian munie d&rsquo;une longue arête dépassant les glumes, celle des épillets latéraux à arête plus courte.</li>
</ul>
<ul>
<li><b>Floraison</b> : avril &#8211; Juin</li>
</ul>
<p><b>Propriétés &amp; Usages </b>: Plante Fourragère. Sables du littoral et terrains salés</p>
<p><img loading="lazy" decoding="async" class="size-medium wp-image-3046 aligncenter" src="https://host3.hellowebtunisie.com/~aedstunisie/wp-content/uploads/2021/04/103-225x300.jpg" alt="" width="225" height="300" srcset="http://aeds-tunisie.com/wp-content/uploads/2021/04/103-225x300.jpg 225w, http://aeds-tunisie.com/wp-content/uploads/2021/04/103.jpg 450w" sizes="auto, (max-width: 225px) 100vw, 225px" /></p>

<p>Orge maritime Classe :Monocotylédones Famille: Poacées Plante annuelle de 10 – 40 cm. Tiges en touffe, genouillées-ascendantes, feuillées jusqu&rsquo;au sommet. Epi souvent court, à rachis fragile. Epillet médian à glumes égales, sétacées, rugueux, non ciliées. Epillets latéraux stériles, pédicellés, à glumes inégales. Glumelle inférieure de l&rsquo;épillet médian munie d&rsquo;une longue arête dépassant [&hellip;]</p>
